19)?
False
Let s(v) = v**3 + 12*v**2 + 6*v - 10. Suppose 6*b - 8*b = -64. Suppose -4*w - 12 = b. Is 14 a factor of s(w)?
False
Let p(n) be the first derivative of -3*n**2/2 - 4*n + 1. Let j be 7 - (17 + (4 - -6)). Does 28 divide p(j)?
True
Suppose 30*u - 6 = 28*u. Let f = u - -11. Does 7 divide f?
True
Suppose m + 5*t - 1810 = -4*m, 4*t - 1086 = -3*m. Is m a multiple of 13?
False
Suppose 3*u = 2*u - 4*m, 4*u - 2*m + 90 = 0. Does 12 divide ((-65)/u)/((-2)/(-24))?
False
Suppose -78*r = h - 79*r - 2451, -4*r + 2431 = h. Does 14 divide h?
False
Let g = -736 + 990. Is 22 a factor of g?
False
Suppose 10*c - 9036 = -396. Is 45 a factor of c?
False
Let l(j) = j**2 + 13*j + 5. Let v be l(-13). Suppose v*y - 287 = -n, -5*y - 5*n + 148 + 127 = 0. Let o = y + -26. Does 15 divide o?
False
Let x be ((-21)/9)/(6/(-18)). Let s(p) = -p**3 + 9*p**2 - 8*p + 9. Is 18 a factor of s(x)?
False
Let q(m) = -m**2 + 63*m + 7. Is q(15) a multiple of 20?
False
Suppose -2*z - 20 = -5*c, -5*z - 3 = c + 101. Let x = -8 - z. Is 6/4 + 18/x a multiple of 2?
False
Suppose 0 = -5*p - 124*q + 123*q + 6377, 3*p + 5*q - 3835 = 0. Is 85 a factor of p?
True
Suppose 0 = 4*o + 4*u + 4, 5*u - 4 = o - 3*o. Is 12 a factor of (o - -2) + 1 - -4*6?
True
Let i(s) be the second derivative of -s**6/360 - s**5/120 + 19*s**4/8 + s**3/3 - 6*s. Let y(c) be the second derivative of i(c). Is y(0) a multiple of 19?
True
Suppose 0 = 2*z - 3 - 5. Let c be (20/z)/(1/(-2)). Is (16/(-6))/(c/135) a multiple of 9?
True
Let i(s) = 22*s - 27. Let x(u) = -u**2 - 4*u + 8. Let p be x(0). Is 29 a factor of i(p)?
False
Let z = 2 - 1. Suppose 4 = l + z. Let h(r) = 2*r**3 - 4*r**2 + 2*r. Is 12 a factor of h(l)?
True
Let i(o) = 3*o**2 - 14*o + 46. Does 14 divide i(6)?
True
Suppose 5*w - 15 = -0*w. Let u = 8 - w. Suppose -162 = -u*a + h - 5*h, -5*h + 15 = 0. Is a a multiple of 15?
True
Let b = 3860 + -248. Is b a multiple of 84?
True
Let c be 1749/3 - (-2 - -4). Let f = -331 + c. Is f a multiple of 50?
True
Suppose -35*x + 42488 = -4832. Does 26 divide x?
True
Let x(q) = -q**3 + 4*q**2 - 3*q + 7. Let k be x(3). Let z(s) = -s**3 + 7*s**2 + 3*s + 6. Is 17 a factor of z(k)?
False
Suppose 0 = -9*n + 2070 + 477. Is n a multiple of 24?
False
Suppose 0 = 8*q - 2141 - 539. Is q a multiple of 4?
False
Suppose 0 = 5*c + 19 - 44. Suppose -3*t - 4*i = -i - 45, -3*t + c*i + 21 = 0. Is t a multiple of 5?
False
Let m(p) = 24*p + 86. Does 12 divide m(0)?
False
Let d = 8 + -8. Suppose 2*r + 0*r - 60 = d. Suppose 4*i + r = 5*i. Is 11 a factor of i?
False
Suppose -l - l - 5*q = -481, 0 = l - 5*q - 248. Does 8 divide l?
False
Let p(a) = -a + 7. Let y be p(6). Let m be (y*2)/(-5 + 4). Let u = m - -4. Is u a multiple of 2?
True
Let m = 7 + 130. Is m a multiple of 5?
False
Suppose -2*j = -0*j - 4. Suppose -50 = s - j*u, -u + 46 = -2*s - 63. Is 14 a factor of ((-10)/20)/(1/s)?
True
Let q be 2/(((-32)/(-12))/(-4)). Let f be q/(4/(320/12)). Does 6 divide (-1)/(-4) + (-155)/f?
False
Suppose 5*n - 18 = 7. Suppose 2*x = -4*q, n*x + 0*x = -2*q. Suppose 5*d - 3*r - 145 = x, 0 = -d + 4*d - 4*r - 98. Is 17 a factor of d?
False
Suppose 2*p = -2*p. Suppose 3*g - 8 + 2 = 0. Suppose 5*j - 48 = n - p*n, -21 = -3*j - g*n. Does 6 divide j?
False
Let u be 4 + (3/6)/((-1)/(-172)). Suppose 89*w = u*w - 69. Is 9 a factor of w?
False
Let x = -97 - -127. Does 15 divide x?
True
Let i(s) = -s**3 + 4*s**2 - 3*s - 3. Let m be i(3). Let o = m - -21. Is 3 a factor of o?
True
Let b = 81 + -306. Let n = 336 + b. Suppose v - 27 = -3*m + 8*m, -n = -3*v + 5*m. Does 19 divide v?
False
Let y(x) = -25*x - 4. Let n(l) = -10*l - 3 - 2 - 15*l. Let p(s) = -3*n(s) + 4*y(s). Is 5 a factor of p(-1)?
False
Suppose 15*w + 213 = 18*w. Suppose 3*n + 5*c + 122 = 0, -6*c = 3*n - 5*c + 142. Let o = w + n. Is 6 a factor of o?
False
Suppose -3*p - 4*h + 8642 = 0, -2*p + 21*h + 5748 = 17*h. Does 23 divide p?
False
Suppose -15 = -5*n + 3*v + 2*v, -4*n - 2*v = 6. Suppose n*h = 5*h. Does 7 divide (h + 28)/(-4 + 5)?
True
Is 1*((-8)/(-18) + 31605/27) a multiple of 16?
False
Let a(t) = 319*t**2 + 3*t + 10. Is a(-2) a multiple of 17?
False
Let p = 258 - 125. Is p a multiple of 12?
False
Let b(v) = -v**3 + 11*v**2 - 5*v + 10. Let z be b(9). Let c = z - 85. Is 21 a factor of c?
True
Let y be -1 + 139 + (0 - -4). Suppose 0 = 2*f + 2*g - 0*g - y, 4*g + 154 = 2*f. Suppose 2*h - f = 3*n - 245, -2*n + 5*h = -122. Is n a multiple of 15?
False
Suppose -2*x - 3*q = -182 - 102, 5*x - 719 = -3*q. Suppose -2*z + s + 56 = -3, 5*z - x = 5*s. Does 15 divide z?
True
Let s = -376 + 456. Does 4 divide s?
True
Let i = -19 + 58. Suppose 6*j - 255 - i = 0. Is j a multiple of 7?
True
Suppose 3*n - 1905 = -3*z + 4*n, -4*n = -5*z + 3168. Suppose -4*h = 7*y - 3*y - z, -5*y - 283 = -2*h. Is h a multiple of 31?
False
Suppose 5*g + 18 = 4*o, -3*o + 4 - 2 = 2*g. Suppose -a + 102 + 11 = h, -o*h = -a + 98. Does 36 divide a?
True
Let f(m) = 2*m + 8. Let b(a) = 2*a + 9. Let x(n) = 3*b(n) - 2*f(n). Let g be x(-4). Is 7 a factor of (g*96/(-9))/(-2)?
False
Suppose -5*v = -2*c + 97, c - 3*v - 173 = -3*c. Suppose -4*q + c = -5*d + 14, 5*q + 2*d - 9 = 0. Is 9 a factor of 17 + 4 + (q - 6)?
True
Suppose -3*d = -9*r + 4*r - 1523, -2*d = -3*r - 1014. Does 38 divide d?
False
Let s(z) = z**3 + 21*z**2 + 32*z + 7. Does 19 divide s(-14)?
True
Let b = 538 - 394. Is b a multiple of 12?
True
Suppose 3*h = -h. Suppose -3*d = 6*k - 2*k - 631, 5*k - d - 765 = h. Is 28 a factor of k?
False
Let a(f) = -93*f - 7. Let x be a(-2). Let p = x + -48. Does 14 divide p?
False
Let u(g) = 3*g**2 - g. Let y(t) = t**2 + 5*t - 6. Let b be y(-6). Suppose -4 = -k - b. Is 22 a factor of u(k)?
True
Is ((-2673)/(-12))/(48/128) a multiple of 6?
True
Let b(n) = 50*n**3 - n + 1. Suppose -i + 3 = 2*p, 2*i - 7*i - 5*p + 10 = 0. Let z be (i/(-4))/((-18)/72). Is b(z) a multiple of 19?
False
Let a(t) = t**3 - 3*t**2 + 2*t. Let d be 88/24 + (-2)/3. Is a(d) a multiple of 6?
True
Let t(d) = -11*d + 1. Let y be t(-1). Is (-2)/((-4)/y*1) a multiple of 5?
False
Does 60 divide 1 - 67*(-3 + -41)?
False
Suppose v + 3*v - 484 = 0. Suppose 48 = l + v. Let r = l + 129. Is r a multiple of 8?
True
Let v(l) = l**2 - 19*l - 17. Let i(o) = -2*o**2 + 28*o + 26. Let s(u) = -5*i(u) - 8*v(u). Does 19 divide s(-8)?
True
Let x = 65 + -55. Suppose -x*v + 153 = -527. Does 17 divide v?
True
Suppose 0*l + 15*l - 1845 = 0. Does 24 divide l?
False
Let i = -13 + 15. Let y be (4/(-12))/(i/(-12)). Suppose -y + 8 = 2*z. Is z a multiple of 3?
True
Let s be (12/8)/(1/2). Let t = s + 0. Suppose 52 = 4*v - o + 3*o, 0 = -t*o + 12. Is v a multiple of 5?
False
Let o = 662 + -326. Is 14 a factor of o?
True
Let o(i) = -3*i**2 - 56*i + 8. Is o(-14) a multiple of 6?
True
Let d be 2/6 - (-994)/(-21). Is (-15)/10 - d/2 a multiple of 22?
True
Let u(f) = f**2 - 1. Let b(j) = -2*j**2 + 2*j. Let c(t) = -b(t) - u(t). Let a be c(4). Suppose 0 = o + 1 - a. Is 2 a factor of o?
True
Suppose -r = 1, r - 3*r - 10 = -p. Suppose h = -0*i - 5*i - 4, -4*i = 2*h + p. Suppose 0 = 4*b - 72 - i. Is b a multiple of 9?
True
Suppose -5*b - 15 + 5 = 0, 3*q + 3*b - 4425 = 0. Is 63 a factor of q?
False
Let b = -5 - -9. Suppose -3*f + 1 = 3*t - 4*f, 0 = 3*t + f - 11. Suppose 5*j + 13 - 158 = t*i, -b*i = -20. Is 31 a factor of j?
True
Let u = 228 + -184. Is u a multiple of 6?
False
Let k be (9 - 8) + -2 + 1. Let b(z) = 2*z + 45. Is 9 a factor of b(k)?
True
Let x = 239 - 214. Is x a multiple of 25?
True
Let u(w) = 4*w**3 - 15*w**2 + 13*w - 9. Let q(j) = -3*j**3 + 10*j**2 - 9*j + 6. Let i(b) = -7*q(b) - 5*u(b). Let o = 44 + -49. Is i(o) a multiple of 13?
True
Let k(r) = -r**2 + 14*r + 7. Let o be k(14). Let c(u) = 5*u + 11. Let j be c(-3). Does 19 divide j + o + -4 + 72?
False
Suppose 0 = -d + 2*w + 1406, -4*w = 8*d - 5*d - 4218. Is 37 a factor of d?
True
Let s = -18 + 18. Suppose -4*l - 4*n + s*n - 48 = 0, 0 = l - 2*n. Let o = l - -62. Is o a multiple of 18?
True
Let h(k) = 11*k**3 + 2*k**2 + 2*k - 17. Let b(d) = 5*d**3 + d**2 + d - 8. Let i(p) = -13*b(p) + 6*h(p). Let c be i(5). Let w = -64 + c. Is w a multiple of 11?
True
Suppose -g + 3*q - 3840 = -3*g, 2*g = 3*q + 3840. Is g a multiple of 20?
True
Let f = -123 + 147. Does 10 divide -4*(-404)/f + (-4)/3?
False
Let x be (54/(-81))/(2/(-45)). Is (-164)/(-10) + (-6)/x a multiple of 3?
False
Let y be (